 multiple of 16?
True
Is 11200 a multiple of 17?
False
Is 2393033 a multiple of 3?
False
Does 62 divide 358299?
False
Is 418304 a multiple of 38?
True
Is 51 a factor of 11920026?
True
Is 6 a factor of 4640487?
False
Is 98 a factor of 2343941?
False
Is 25470 a multiple of 10?
True
Is 617 a factor of 3162742?
True
Is 675 a factor of 191553?
False
Is 16 a factor of 784366?
False
Does 289 divide 138720?
True
Is 2025750 a multiple of 146?
True
Is 485805 a multiple of 5?
True
Does 335 divide 5052470?
True
Is 20107 even?
False
Does 16 divide 61384?
False
Is 562016 a multiple of 16?
True
Does 23 divide 317933?
False
Is 7 a factor of 2012172?
False
Is 73 a factor of 179021?
False
Does 12 divide 1850419?
False
Is 2 a factor of 1116295?
False
Is 291 a factor of 3265672?
False
Does 74 divide 4280456?
True
Does 333 divide 3091239?
True
Is 665722 a multiple of 3?
False
Does 6 divide 41902?
False
Does 49 divide 5978?
True
Is 133 a factor of 3502041?
False
Does 163 divide 141973?
True
Is 5 a factor of 481475?
True
Is 167522 a multiple of 4?
False
Is 2696696 a multiple of 78?
False
Is 217009 a multiple of 197?
False
Does 33 divide 237915?
False
Is 993535 a multiple of 5?
True
Is 513 a factor of 165449?
False
Is 3025838 a multiple of 13?
False
Is 24 a factor of 1548477?
False
Is 254996 a multiple of 186?
False
Is 105 a factor of 1053990?
True
Is 15368 a multiple of 9?
False
Is 541 a factor of 1325047?
False
Does 432 divide 21168?
True
Is 15 a factor of 2887530?
True
Does 3 divide 13002?
True
Does 4 divide 220874?
False
Is 3432525 a multiple of 909?
False
Is 118580 a multiple of 118?
False
Is 41 a factor of 23821?
True
Does 158 divide 510542?
False
Is 45479 even?
False
Is 825513 a multiple of 126?
False
Is 99376 a multiple of 9?
False
Is 281 a factor of 398177?
True
Is 141253 a multiple of 20?
False
Does 1247 divide 1465225?
True
Is 224805 a multiple of 45?
False
Is 89031 a multiple of 177?
True
Is 9 a factor of 271096?
False
Is 19355965 a multiple of 335?
True
Is 262 a factor of 541189?
False
Does 45 divide 122891?
False
Does 8 divide 1770656?
True
Is 6909397 a multiple of 337?
False
Is 438792 a multiple of 151?
False
Does 96 divide 4849593?
False
Is 9 a factor of 1257876?
True
Does 127 divide 1380109?
True
Does 325 divide 183490?
False
Is 338 a factor of 976144?
True
Does 358 divide 162584?
False
Is 4 a factor of 61620?
True
Is 2448170 a multiple of 9?
False
Is 4535565 a multiple of 125?
False
Is 456118 a multiple of 53?
True
Is 28 a factor of 1229872?
True
Is 52824 a multiple of 8?
True
Does 253 divide 15418073?
True
Is 194543 a multiple of 23?
False
Is 27015 a multiple of 96?
False
Does 150 divide 60750?
True
Is 145472 a multiple of 8?
True
Is 38 a factor of 1462164?
True
Is 1610782 a multiple of 19?
True
Is 188630 a multiple of 13?
True
Is 501 a factor of 315716?
False
Is 2671732 a multiple of 12?
False
Does 126 divide 6632793?
False
Is 1458 a factor of 4512510?
True
Is 20 a factor of 24880?
True
Is 10581 even?
False
Is 181 a factor of 3078542?
False
Does 26 divide 11802119?
False
Is 88 a factor of 9941933?
False
Does 50 divide 122180?
False
Is 1133792 a multiple of 10?
False
Is 8 a factor of 1700736?
True
Is 46210 a multiple of 12?
False
Does 125 divide 106690?
False
Does 1175 divide 4933825?
True
Does 38 divide 143942?
False
Does 1913 divide 22506445?
True
Is 26 a factor of 2127136?
False
Is 57 a factor of 80769?
True
Is 1305331 a multiple of 531?
False
Does 201 divide 276526?
False
Is 5663 a multiple of 14?
False
Is 146392 a multiple of 232?
True
Is 160 a multiple of 4?
True
Is 768405 a multiple of 33?
True
Is 66 a factor of 2927430?
True
Is 119 a factor of 294685?
False
Is 675228 a multiple of 41?
False
Is 1522412 a multiple of 164?
True
Is 13 a factor of 113873?
False
Is 262 a factor of 850190?
True
Does 11 divide 1312797?
False
Does 143 divide 1074359?
True
Does 266 divide 246582?
True
Is 6146328 a multiple of 18?
False
Does 14 divide 128352?
True
Does 274 divide 152767?
False
Does 157 divide 14262?
False
Does 1387 divide 1982023?
True
Is 496268 a multiple of 104?
False
Is 1151982 a multiple of 9?
True
Does 59 divide 6709952?
True
Is 12 a factor of 1942332?
True
Does 18 divide 256024?
False
Does 38 divide 1026950?
True
Is 736 a factor of 6939744?
True
Does 27 divide 659776?
False
Is 5 a factor of 1144835?
True
Is 21188950 a multiple of 12?
False
Does 96 divide 6155520?
True
Does 29 divide 537457?
True
Does 28 divide 160188?
True
Is 832790 a multiple of 38?
False
Is 9 a factor of 1830240?
True
Does 17 divide 1466299?
False
Does 5 divide 297990?
True
Is 13 a factor of 530569?
True
Is 248 a factor of 224936?
True
Is 206 a factor of 10094?
True
Is 10 a factor of 121187?
False
Is 402492 a multiple of 158?
False
Is 539 a factor of 2331449?
False
Is 238128 a multiple of 16?
True
Is 90 a factor of 1855074?
False
Is 24 a factor of 8794800?
True
Is 9707 a multiple of 5?
False
Is 98685 a multiple of 43?
True
Does 28 divide 319396?
True
Does 1020 divide 3050154?
False
Is 5 a factor of 16585?
True
Does 730 divide 4747964?
False
Is 434 a factor of 72226?
False
Is 131412 a multiple of 5?
False
Is 15 a factor of 587870?
False
Does 2 divide 3489?
False
Is 20 a factor of 1580680?
True
Is 100 a factor of 9588?
False
Does 19 divide 5608002?
True
Is 327 a factor of 1002582?
True
Is 284987 a multiple of 521?
True
Is 66730 a multiple of 130?
False
Is 24828 a multiple of 5?
False
Is 23 a factor of 424528?
False
Is 112877 a multiple of 17?
False
Is 72216 a multiple of 134?
False
Is 24447801 a multiple of 21?
True
Is 5795629 a multiple of 587?
False
Is 11 a factor of 155743?
False
Is 2665590 a multiple of 30?
True
Does 150 divide 181449?
False
Does 76 divide 205517?
False
Does 2 divide 35548?
True
Does 1503 divide 882261?
True
Does 34 divide 915767?
False
Does 3 divide 7427?
False
Does 12 divide 4077767?
False
Does 41 divide 1698938?
False
Does 105 divide 229239?
False
Does 35 divide 103989?
False
Is 114 a factor of 11469969?
False
Is 107709 a multiple of 69?
True
Does 182 divide 135590?
True
Is 270 a factor of 462059?
False
Does 66 divide 219228?
False
Does 685 divide 2213235?
True
Is 16562083 a multiple of 71?
False
Does 53 divide 5230358?
True
Is 179 a factor of 186160?
True
Does 75 divide 1601616?
False
Is 5142955 a multiple of 50?
False
Is 183 a factor of 262422?
True
Is 52 a factor of 29640?
True
Is 40353 even?
False
Does 23 divide 87821?
False
Does 18 divide 703620?
True
Is 62 a factor of 155828?
False
Is 85 a factor of 37877?
False
Does 300 divide 133517?
False
Is 107 a factor of 2708254?
False
Is 6100418 a multiple of 89?
False
Is 64 a factor of 1024789?
False
Is 23 a factor of 3041925?
False
Is 85 a factor of 4335?
True
Is 1485952 a multiple of 52?
True
Does 21 divide 3319995?
True
Does 8 divide 806531?
False
Is 12 a factor of 1417524?
True
Is 149 a factor of 308472?
False
Does 614 divide 638946?
False
Is 9422440 a multiple of 515?
True
Is 740640 a multiple of 160?
True
Is 155264 a multiple of 52?
False
Is 555553 a multiple of 2?
False
Is 5 a factor of 13508?
False
Is 429 a factor of 5412132?
False
Does 518 divide 132090?
True
Is 25 a factor of 233627?
False
Is 443 a factor of 121031?
False
Does 108 divide 938952?
True
Is 86 a factor of 97696?
True
Does 393 divide 2605197?
True
Is 124127 a multiple of 29?
False
Does 341 divide 3812380?
True
Is 271607 a multiple of 241?
True
Is 15 a factor of 1187354?
False
Is 265088 a multiple of 218?
True
Is 152604 a multiple of 104?
False
Is 2 a factor of 2704?
True
Is 1083220 a multiple of 527?
False
Does 4 divide 129816?
True
Is 41013 a multiple of 330?
False
Is 1159825 a multiple of 9?
False
Is 863 a factor of 820843?
False
Is 114660 a multiple of 9?
True
Is 272 a factor of 603774?
False
Does 82 divide 424514?
True
Is 13 a factor of 58565?
True
Is 2825592 a multiple of 21?
True
Is 289852 a multiple of 124?
False
Does 17 divide 154689?
False
Is 46 a factor of 836832?
True
Does 105 divide 122850?
True
Does 41 divide 1757930?
False
Does 1745 divide 16977105?
True
Is 5 a factor of 53030?
True
Is 123 a factor of 7204?
False
Does 8 divide 43121?
False
Does 136 divide 2656950?
False
Is 4228596 a multiple of 23?
True
Is 573980 a multiple of 20?
True
Is 54 a factor of 435132?
True
Is 106656 a multiple of 176?
True
Is 52 a factor of 